 - 6*s**2 - 2. Let k be g(9). Let y(c) = -c**2 + 15*c - 1. Determine y(k).
13
Let m(t) = 2 - 4 - t + 4*t. Suppose -176*b - 11 = -177*b. Suppose -8*n + b = -29. Determine m(n).
13
Suppose -13*h + 24 = -h. Let u(t) = 6*t - h + 7 + 5 - 8. Let a be (6/(-4))/(-3)*-4. Give u(a).
-10
Let x(u) = -3*u**3 - 10*u**2 + u**3 - u + 10*u**2. Suppose -2*g + 19*i + 16 = 21*i, g = 3*i - 20. Calculate x(g).
-3
Let a(d) = 2*d**2 + 2*d + 8. Let z be a(10). Let i = 229 - z. Let k(g) = 8*g - 6. Let y(n) = -8*n + 5. Let h(w) = 4*k(w) + 5*y(w). Calculate h(i).
-7
Let p(u) = 5*u**3 - 8*u**2 + 16*u - 8. Let q(z) = 9*z**3 - 17*z**2 + 31*z - 16. Let c(t) = 7*p(t) - 4*q(t). Let h = 27447 + -27436. Calculate c(h).
-3
Let d be 3*(-88)/(-77)*(-4 + 15/9). Let s(b) = 1 + 0 - 6*b + b**3 + 6*b**2 + b**2 - b. Determine s(d).
-7
Let o(x) = -x**3 + 6*x**2 + 3*x + 11. Let j = 2411 - 2404. Give o(j).
-17
Let w = -52 - -93. Let s(u) = 173*u - w*u - 51*u - 2 - 61*u. Determine s(-2).
-42
Let v = 242 + -222. Let r(a) = 21 + 2*a - v - a - 6*a. Determine r(2).
-9
Let f(l) = 5*l**3 - 17*l**2 + 58*l + 16. Let k(p) = -2*p**3 + p**2 - 2*p. Let g(b) = -f(b) - 3*k(b). Give g(-17).
1
Let s(f) = f + 4. Let z = 56 - 82. Let g(x) = -x**3 - 27*x**2 - 27*x - 24. Let c be g(z). Suppose 2*j + 20 = 4*i, 2*j + c*i + 2 = j. What is s(j)?
-2
Let f(r) = -19*r + 138. Let v be f(7). Suppose -13 = v*g + 17. Let y(o) = 2*o + 1. What is y(g)?
-11
Suppose 0 = -2*s + 18, -3*g - 1097*s = -1102*s + 54. Let t(u) = -53*u**2 - 158*u + 1. Determine t(g).
-2
Let u be ((-6)/10)/(2/(-30)). Let w(p) be the first derivative of -p**4/4 + 8*p**3/3 + 4*p**2 + 13*p + 3798. Determine w(u).
4
Let r(p) = -4*p - 1. Let g(d) = -d**2 - d + 7. Let i be g(3). Let k be (i/3 - 0)*(-21 + 12). Suppose -11*x = -k*x - 4. Give r(x).
3
Suppose 5*u - u + 5*y = 1046, -4*y - 1064 = -4*u. Let j = u - 262. Let b(v) = -v**3 + 2*v**2 - 3*v + 3. Give b(j).
-3
Let z(w) be the second derivative of -w**4/4 - w**3/6 + w**2 - w. Let k(s) = -2*s**2 + 1639*s - 20972. Let x be k(13). Calculate z(x).
-22
Let j(s) = 2 - 21*s + 20*s + s**3 - s**2 - 16. Let n(w) = -4*w**3 + 5*w**2 + 5*w + 57. Let u(z) = 9*j(z) + 2*n(z). Let k = 1 + -1. Give u(k).
-12
Suppose 48*z - 46*z - 12 = 0. Suppose z*p - 5*p - 2 = 0. Suppose 0 = 5*a + p + 8. Let h(t) = -2*t**3 - 3*t**2 - t - 1. Give h(a).
5
Let c be ((-2)/3)/((-2)/6). Let z(s) be the first derivative of -s**4/3 - s**3/3 - 6*s**2 + s - 83. Let t(d) be the second derivative of z(d). Calculate t(c).
-18
Let w(x) = 9*x**2 + 2*x + 1. Let a(o) = -11*o**2 - 1. Let n(g) = -5*a(g) - 6*w(g). Give n(10).
-21
Let i(j) = 11*j + 37. Suppose 0 = 55*y + 1172 - 897. What is i(y)?
-18
Let w(n) be the first derivative of 3*n**3 - n + 741. Suppose -1 + 3 = 2*a. Calculate w(a).
8
Let z(w) be the second derivative of w**3/6 + w**2/2 - 8*w. Let m be -1 - (-10 + -5) - (-1 - -1). Suppose -2*o = m - 18. What is z(o)?
3
Let w(t) = t + 4. Let q(v) = v + 11. Let b be q(-9). Suppose b*c = 8 + 4. Suppose 0 = -d - c + 3. What is w(d)?
1
Suppose -2*b + 700 = 32. Suppose -b = -3*a + 170. Let d(v) = 89*v**2 - a*v**2 + 8*v + 6 + 80*v**2. Give d(-7).
-1
Suppose 59*r = -327*r - 9264. Let k(o) = -o**3 - 24*o**2 - 2. Calculate k(r).
-2
Let l(w) = -23*w**2 - 17*w - 31. Let g(a) = -50*a**2 - 40*a - 61. Let q(c) = -6*g(c) + 13*l(c). What is q(2)?
5
Let v be (-66)/14 + (-14)/49. Let c(w) be the second derivative of -w**5/20 - w**4/3 + 5*w**3/6 - w**2/2 - w - 1153. Determine c(v).
-1
Let a(s) = 7*s**2 - s. Let v be 5/((-20)/(-2))*(-2 + -2). Let w be -3*(3 + v) + (1 - -3). Let o be (w/3)/(5/(-15)). Give a(o).
8
Let s = 2/7047 + 7043/14094. Let p(b) be the second derivative of 0 + 5/12*b**4 + 12*b + s*b**2 + 1/6*b**3. Calculate p(-1).
5
Let i be 35*(90/(-2))/9. Let h be i/50*(-16)/7. Let o(c) = c**3 - 7*c**2 - 8*c + 4. Give o(h).
4
Suppose 6 = 3*f - f. Let o = f + 0. Let a(b) = -155 + b - 148 - 191 + 497. Give a(o).
6
Let t(a) = -5*a. Suppose -180*x + 153*x = 54. Let p(v) be the second derivative of v**5/20 + v**4/12 - v**3/2 - 2*v**2 + v. Let f be p(x). Determine t(f).
10
Let v = -27609 + 27604. Let c(r) = 5*r**2 + 18*r + 3. Give c(v).
38
Let d = -839 + 842. Let s(y) be the first derivative of -3*y - 1/3*y**d - y**2 - 22. Calculate s(-3).
-6
Let i(a) = -10*a**3 + a**2 - a - 1. Let f(z) = -95*z + 1234. Let u be f(13). Determine i(u).
11
Let b(t) be the second derivative of -t**5/4 - t**4 - t**3 - 3*t**2 + 103*t. Let k(m) = 2*m**2 + m + 1. Let o(j) = b(j) + 6*k(j). Give o(1).
-5
Let w(a) = -36*a + 159. Let b(o) = -33*o + 159. Let z(q) = -6*b(q) + 7*w(q). Let m be z(3). Let c(v) = -4*v - 3. Give c(m).
9
Let c(v) = -v**2 - 2*v - 2. Let a be c(-3). Let f(y) = y - 8. Let w be f(11). Let h(z) = -890*z**3 - 6*z**2 + w + 889*z**3 - 4*z + 0*z**2. What is h(a)?
-2
Let p(y) be the second derivative of -y**6/120 + y**5/10 + y**4/4 + 3*y**3/2 + 51*y**2 - 103*y + 2. Let o(z) be the first derivative of p(z). What is o(7)?
2
Let p(c) = c**2 + 35*c + 85. Suppose 0*a - h = 4*a + 133, 5*a + 10*h = -210. Determine p(a).
-11
Let b(k) = 45*k**2 + 2*k. Let p(c) = -7*c**2 - 19*c + 5. Let l be p(-3). Determine b(l).
43
Let s(n) be the third derivative of n**7/2520 + n**6/720 + n**5/8 - 91*n**4/24 + 91*n**2. Let b(u) be the second derivative of s(u). Give b(0).
15
Let b be 897/81 + 4/(-54) - 8. Let x(s) = -s**2 + 7*s - 6. What is x(b)?
6
Let v(n) = -54 - 51 - 21*n**2 + 19*n**2 + 103 - 10*n. What is v(-8)?
-50
Let c(l) = -2*l - 27. Let v(j) = 2*j - 3. Let f(q) = c(q) - 4*v(q). What is f(-8)?
65
Let p(c) = -12*c - 31. Let a(y) = 12 - 21 + 5 + 5 - 2*y. Let w(i) = 4*a(i) - p(i). Calculate w(-10).
-5
Let d(g) = g**3 - 11*g**2 + 21*g + 2. Let z = -6689 - -6692. Calculate d(z).
-7
Let r(h) = h**2 - 6*h - 32. Suppose t = 4*x + 22 - 5, -3*x - 3*t - 24 = 0. Determine r(x).
23
Suppose 2*a = -5*n - 1882, -n - a = -5*n - 1503. Let u = -383 - n. Let c(o) = o**2 + 7*o - 10. Determine c(u).
-10
Let x(b) = -6*b**3 + 3*b**2 - 2*b - 5. Let m(i) = 11*i**3 - i**2 + 1. Let h(q) = 4*m(q) + x(q). Determine h(-1).
-38
Let p = 615 + -616. Let k(r) be the first derivative of -11*r**4 - r**3/3 - r**2 - r + 54. What is k(p)?
44
Let l(m) be the third derivative of -m**5/60 + 2*m**4/3 - 8*m**3/3 + 1010*m**2. Give l(9).
47
Let g = -11799 + 11792. Let p(r) = r**3 + 8*r**2 - 3*r - 8. Calculate p(g).
62
Let n(u) = 2*u**3 - 25*u**2 - 39*u - 31. Let f be n(14). Let b(h) = -h**2 + 15*h - 37. What is b(f)?
7
Let v(l) = 1909*l + 1908*l - 3811*l - 11. Give v(6).
25
Suppose -1 = b + 28. Let z(i) = 3*i + 84. Let p be z(b). Let n(x) = x**3 + x**2 - 5*x - 3. Give n(p).
-6
Suppose 16*p - 12*p - 10*p = -18. Let b(d) = 44*d - 8. What is b(p)?
124
Let q(i) = i**3 + 13*i**2 + 13*i - 3. Suppose -390*b - 12 = 3*n - 386*b, 0 = 4*b - 24. Determine q(n).
-15
Let o(p) = p**3 + p**2 - 17. Let u(i) = 2*i - 58. Let c be u(36). Suppose 2*n - c + 10 = 2*k, 0 = 5*k - 2*n + 4. Calculate o(k).
-17
Let p = -72 + 63. Let m(b) = 2*b**2 + 2*b - 20. Let n be m(p). Let d(c) = n + 126 + c - 252. Give d(4).
2
Let y(c) = 113 - 257 + 9*c**2 + 129 - c. Let m(u) = 5*u**2 - u - 8. Let i(n) = -7*m(n) + 4*y(n). Determine i(-4).
0
Let p(o) be the first derivative of -3*o**2 + 7*o + 3482. Let n be (5/2)/((-2)/(-4)). What is p(n)?
-23
Suppose -8*q + 9*q = -4*s - 24, 0 = s - 2*q - 3. Let u(p) = -2*p**2 - 12*p - 9. Give u(s).
1
Let i(m) = -m**2 + 3*m + 5. Suppose 0 = 7*d - 580 - 764. Let n = 198 - d. What is i(n)?
-13
Let d(r) = r**2 + 4*r. Suppose 3*n = 2*c - 15, 4*c + 10 = -2*n - 0*n. Let q = 2393 - 2388. Suppose j - 11 = a + 3*j, c = -a - q*j - 20. Calculate d(a).
5
Let n(k) = 2*k + 53*k - 32*k + 40 + 10 - 2. Determine n(-2).
2
Let d(u) = u**3 - 12*u**2 - 8*u - 57. Let y = 76 - 63. Let o be d(y). Let a(p) = p**2 - 7*p - 6. What is a(o)?
2
Let y(p) = -p**2 - 8*p + 8. Suppose -4*i - 4*m + 20 = 0, -28*m = -i - 27*m + 7. Calculate y(i).
-76
Let u(t) = 215*t - 1293. Let l be u(6). Let p(z) = -7*z**2 - z + 7. Determine p(l).
-53
Let t(r) be the first derivative of r**2/2 - 3*r + 27199. Suppose -3*h + 4 + 5 = 0. Let w be (4/h)/(2/6). What is t(w)?
1
Let s(j) = j**3 - 4*j**2 - 4*j - 3. Let k be s(5). Let g(a) = -8*a**2 - 8*a + 8. Let p(h) = 3*h**2 + 4*h - 4. Let y(b) = k*g(b) + 5*p(b). Calculate y(7).
-25
Let s(z) = -4*z - 10. Let h(k) = 11*k + 31. Let x(o) = -3*h(o) - 8*s(o). Let